me?
True
Let q(z) = 52*z**2 + 15*z + 40. Is q(-17) composite?
False
Suppose -5*c = -0*b + 3*b + 3, -3*b - c - 15 = 0. Is -1 - (b - 0) - -84 a composite number?
False
Let a(y) = y**3 + 11*y**2 - y - 5. Suppose -24 = 2*r - 12. Is a(r) prime?
True
Is (10322 + -5 - 8) + 4 composite?
False
Let t(z) = 0 + 671*z**2 + 348*z**2 + 5*z - 52*z**2 + 5. Is t(-1) a prime number?
True
Let l(q) = 14*q**2 - 48*q + 31. Suppose x - 4*j - 15 = -0*x, 4*x + j = -25. Let p(d) = 9*d**2 - 32*d + 21. Let t(z) = x*l(z) + 8*p(z). Is t(15) composite?
False
Let w(l) = -923*l + 107. Is w(-10) composite?
False
Let t = -8 + 12. Suppose -4*v + 148 + 548 = -5*g, t*g + v + 540 = 0. Let k = g + 327. Is k a composite number?
False
Let j(o) = 451*o**2 - 7*o - 1. Is j(5) a composite number?
False
Suppose 3*v + 11 = 5*q, -10 = -2*q - 2*v + 6*v. Let m be q + (-16 - (4 - 4)). Is 5/m + 436/3 a prime number?
False
Suppose -5*w = 3*s - 10088, 0 = 4*s + 2*w - 4*w - 13494. Is s a prime number?
True
Suppose -2*f - 2*f - 4228 = -4*v, -12 = -3*f. Is v composite?
False
Suppose -d - 3*d + 10 = -2*r, 0 = -5*r - 5. Suppose -4*u + 739 = 3*n, 576 = 3*u - 3*n - d*n. Is u prime?
False
Let r = -280 + 1807. Is r prime?
False
Let l(c) = -9*c**3 - 32*c**2 + 16*c + 26. Is l(-10) composite?
True
Suppose 2*y = -z + 31899, 63795 = 94*z - 92*z + y. Is z a prime number?
False
Let m(z) = -138*z + 31. Let i = 109 - 114. Is m(i) prime?
False
Let w(h) = h**3 - 13*h**2 + 14*h - 19. Let k be w(12). Let u(b) = 10*b**3 - 2*b**2 + 5*b + 4. Is u(k) a composite number?
False
Let m(j) = 998*j + 93. Is m(1) a prime number?
True
Suppose -9*r + 616529 - 129134 = 0. Is r a composite number?
True
Suppose 820 + 1184 = 12*f. Suppose -2*n - 3*h + 1593 = 3*n, 3*h = 2*n - 633. Suppose 5*j - n - f = 0. Is j a prime number?
True
Suppose f - 5*u - 10 = 8, -5*f - 3*u + 6 = 0. Suppose 2*o - 7*o - 3054 = -3*i, f*o - i + 1834 = 0. Let z = -314 - o. Is z prime?
False
Is 17551*6/(5 + 1) a composite number?
False
Suppose -57 = 2*l + 33. Suppose -283 - 53 = -4*z. Let w = z + l. Is w prime?
False
Suppose 0 = -7*f + 48782 + 11019. Is f a prime number?
True
Suppose -5*g = -0*g - 15. Let n be (0 - -1 - g) + 764. Suppose 0 = 4*v - 2*p - 760, p = 2*v + 2*v - n. Is v composite?
False
Let d be -3 + 2 + 5 - 0. Suppose 9*f = d*f + 3955. Is f prime?
False
Let k(j) = -7*j**3 - 4*j**2 + 58*j + 16. Is k(-15) a composite number?
False
Let k(t) = -2*t**3 - t**2 + t - 3. Let n be k(-2). Suppose -n*r + 9 = -19. Is (3 - r)/((-4)/136) a composite number?
True
Let q be 2*((-1815)/10 + -6). Suppose 2*m = 152 - 1228. Let t = q - m. Is t a prime number?
True
Suppose -2*b - 2 = -3*b. Suppose 0 = b*i - 3*i + 5, -p + 3*i + 50 = 0. Is p a composite number?
True
Suppose -4*z = -6704 + 1708. Is z a prime number?
True
Let p = -3 + 10. Let m = p + -2. Is ((-314)/8)/(m/(-20)) a composite number?
False
Let o(d) = -d**3 - 5*d**2 - 8*d - 10. Let f be o(-4). Let t = f + 83. Is t a prime number?
True
Let n = -12183 - -20696. Is n a composite number?
False
Suppose 0 = -3*w + w - 4*s + 18210, -w + 3*s + 9125 = 0. Is w a composite number?
True
Let l = 1260 - -3694. Is l a prime number?
False
Suppose 0 = -3*k + 2*k + 4. Suppose 3*t - 2*t + 279 = 3*z, 3*z + k*t = 264. Suppose -u - 13 + z = 0. Is u a composite number?
False
Let o = 31 - 29. Let y be (-28)/o + (-16)/8. Let c = y - -85. Is c prime?
False
Suppose 0 = r + 3*w - 7, 0 = 5*r - 0*w + 4*w - 2. Is (r/(-6))/(1/147) a prime number?
False
Let h(v) = -113*v**3 + 4*v**2 - 2*v + 8. Let n be h(4). Is n/(-18) - (40/(-36))/(-5) a prime number?
False
Suppose -20 = 5*v, 2*v + 17 = 5*o + 4*v. Suppose -o*b = -5*k + k + 4201, 2 = -2*b. Is k a prime number?
True
Suppose -3*o - 10 = 8. Let h be 36/(-14)*7*-1. Is (35/(-3))/(o/h) a composite number?
True
Suppose -1 = 2*s + 3. Let r be s*213/12*-4. Suppose -u + 2*n = 5*n - r, 645 = 5*u + 2*n. Is u a composite number?
False
Suppose 0 = -3*l + f + 12798, 4*f + 3008 = l - 1247. Is l a prime number?
False
Let h(l) = -25*l - 1. Let a(d) = -208*d - 12. Let u(g) = 69*g + 4. Let q(f) = -5*a(f) - 14*u(f). Let r(c) = -11*h(c) - 4*q(c). Is r(-2) a prime number?
True
Let j = 41 + -11. Suppose -2*z + 5*a + 20 = 0, 2*z - 4*z - 3*a = 12. Is j - ((1 - z) + -2) a prime number?
True
Let b(m) = 96*m - 3. Let i be b(-3). Let l be (-9 + 511)/(3 + -2). Let s = l + i. Is s composite?
False
Suppose -147 - 63 = -15*j. Is j/((32/(-3004))/(-4)) a prime number?
False
Let s(p) = -2*p + 21. Let y be s(9). Suppose -2*b - 1891 = -y*x, -x + 3*x - 4*b = 1258. Is x composite?
False
Is 3/22*9982 - 262/1441 a composite number?
False
Suppose -11*t - 36 = -10*t. Let q = t + 74. Is q composite?
True
Suppose d + 9036 + 24106 = 4*n, 5*n - 41423 = -d. Is n a prime number?
False
Is (-6 - -6) + 4617 - -4 a composite number?
False
Is 30/(-36)*-6 - (-113558 + 2) prime?
False
Is 6395 + -46 + 0/(1*-2) prime?
False
Let s(b) = 1590*b - 8. Let d be s(-1). Let q = 2475 + d. Is q prime?
True
Let p = 687 - 436. Is p prime?
True
Let f = -4 + 7. Suppose -u = 5*z + 3*u - 45, -4*u + 35 = f*z. Suppose -3*i + 6*i + 2*c - 987 = 0, 0 = z*c + 15. Is i prime?
True
Suppose 14 = 3*r + 3*i - i, i - 12 = -4*r. Suppose -r*t + 1604 = 472. Is t a composite number?
True
Let x(l) = -7*l**3 - 4*l**2 + 4*l - 78. Is x(-7) composite?
False
Let n be -2 + (-3)/(-3)*1. Is (13/52)/(n - (-12333)/12332) a composite number?
False
Let q be ((-55)/44)/(2/16). Let y(a) = -a**3 - 8*a**2 - a + 11. Is y(q) prime?
False
Suppose -2*u + 373686 = 5*l - 12863, 0 = 4*l + 4. Is u a prime number?
False
Let n be (2/3)/(2/(-3)). Let g be -12*n/((-8)/(-4)). Is 121 + (0 - -3 - g) prime?
False
Let z(j) = 4*j**3 - 2*j**2 - 23*j + 2. Is z(11) composite?
False
Suppose 3*n + 39 - 137 = -2*z, 10 = n - 5*z. Suppose -4*s + a = -n, -5*s - 9 + 34 = 5*a. Is s a prime number?
True
Suppose 0 = -8*k + 4*k - 12548. Is k/3*4/((-36)/27) a composite number?
False
Let m be -2*(-2)/(8/6). Suppose -2*p - m*p = -1045. Is p a composite number?
True
Suppose -4*d = -d + 60. Let m be 4 + -5 - 2*d. Suppose 2*i - 205 + m = 0. Is i prime?
True
Let x = 994 + 691. Is x prime?
False
Suppose 5*t - 30 = -5*h, -2*t - 22 = -4*h - 5*t. Suppose -h*j = -5*x - 4240, 4*j = x + 3*x + 4236. Is j a prime number?
False
Suppose 45*d - 706102 = -13057. Is d a composite number?
False
Let y(z) = z**3 + 5*z**2 + 4*z + 3. Let o be y(-4). Suppose -o*c = -4 - 395. Is c prime?
False
Suppose 11*x - 15042 = 5*x. Is x composite?
True
Let w be (-9)/5*60/(-18). Suppose 2*i = 5*h + 14, 4*i - h - 4 - w = 0. Suppose 177 + 61 = i*u. Is u prime?
False
Suppose -2*u - 29 - 751 = 0. Suppose 2*p + 5*a = 3*a, 2*p + a - 2 = 0. Is (u/(-4) - 2)*p a composite number?
False
Let h(a) = -521*a - 7. Let y be h(-5). Let f = -1681 + y. Is f composite?
True
Suppose -79*c = -92*c + 1392053. Is c prime?
False
Suppose 13*m - 3*m = -40. Is (m/(-3))/((-12)/(-27)) a composite number?
False
Suppose -t = t - 2362. Suppose f - t = 2*a, 5*f - 2*a + 4*a = 5905. Is f a composite number?
False
Let i(o) = -o**3 + 3*o**2 + 4*o - 2. Let h be i(4). Let k be (24/(-8))/(2/h). Is 1 + (k - 7*-357) a prime number?
True
Let y = 273 + 2738. Is y prime?
True
Suppose 22*b = 34*b - 76620. Is b prime?
False
Let q(a) = -4*a**3 - 3*a**2 + a + 4. Let n = 76 + -79. Is q(n) a prime number?
False
Let g = 14 - 10. Let s = -9 + g. Let v = s + 11. Is v a composite number?
True
Let s(z) = z**3 - 21*z + 10*z**2 + 2*z**2 + 24*z - 11. Is s(-11) composite?
True
Let f(x) = -46*x + 32. Let y be f(8). Let i = y + 1391. Is i a composite number?
True
Let o(v) = 11*v**2 - 6 + 2*v - 3 + 4 + 5*v**2. Let i be o(5). Let b = i - 214. Is b a composite number?
False
Let m(j) = -5 - 4*j - 8 + 0 - 4*j**3. Is m(-4) a prime number?
False
Let q(t) = 6*t**3 + 4*t**2 + 30*t - 159. Is q(11) composite?
False
Suppose -2*q - 2084 = -4*i, 2*i + q + 4*q = 1054. Let b be (-1 - 0)/(((-104)/(-16))/(-13)). Suppose 6 = -2*d, b*d - i = -3*c + 351. Is c a prime number?
True
Let g = 215 + -88. Is g a composite number?
False
Let c(v) = -16*v - 10. Let x be c(-1). Is ((-435)/x - -1)*(-6 + 4) a composite number?
True
Let k(l) be the first derivative of l**4/4 - 8*l**3/3 - l**2/2 + 10*l + 1. Let x be k(8). Is 4*4 + (-2)/x a composite number?
True
Suppose -43*m + 3801966 = -3299183. Is m a composite number?
True
Let t be -2 - (-5 + 0) - (1 + 8). Is t/(-